t the prime factors of 5772186.
2, 3, 7, 61, 751
What are the prime factors of 16930514?
2, 8465257
List the prime factors of 3234230.
2, 5, 31, 10433
List the prime factors of 1105462.
2, 552731
List the prime factors of 773472.
2, 3, 7, 1151
What are the prime factors of 4897207?
7, 17, 5879
List the prime factors of 236232.
2, 3, 17, 193
List the prime factors of 621676.
2, 11, 71, 199
List the prime factors of 10010207.
19, 526853
What are the prime factors of 8871406?
2, 1493, 2971
What are the prime factors of 32554784?
2, 43, 59, 401
What are the prime factors of 724759?
7, 2113
What are the prime factors of 6679028?
2, 17, 98221
List the prime factors of 4341.
3, 1447
List the prime factors of 292875.
3, 5, 11, 71
What are the prime factors of 171266?
2, 19, 4507
List the prime factors of 256239.
3, 71, 401
List the prime factors of 29756.
2, 43, 173
List the prime factors of 64682.
2, 32341
What are the prime factors of 113784?
2, 3, 11, 431
List the prime factors of 13841764.
2, 41, 84401
List the prime factors of 85598.
2, 127, 337
What are the prime factors of 8313598?
2, 4156799
What are the prime factors of 3601639?
23, 156593
What are the prime factors of 26733744?
2, 3, 185651
What are the prime factors of 496707?
3, 165569
What are the prime factors of 1250442?
2, 3, 127, 547
List the prime factors of 193611.
3, 11, 5867
What are the prime factors of 1023295?
5, 7, 13, 173
List the prime factors of 1046365.
5, 59, 3547
What are the prime factors of 166861?
166861
List the prime factors of 366883.
11, 33353
What are the prime factors of 17615763?
3, 11, 61, 2917
What are the prime factors of 589604?
2, 147401
List the prime factors of 1096534.
2, 17, 32251
List the prime factors of 6000926.
2, 3000463
What are the prime factors of 1398489?
3, 37, 43, 293
List the prime factors of 8762.
2, 13, 337
List the prime factors of 470160.
2, 3, 5, 653
List the prime factors of 9021312.
2, 3, 41, 191
List the prime factors of 48594.
2, 3, 7, 13, 89
List the prime factors of 6910345.
5, 13, 41, 2593
What are the prime factors of 71758?
2, 35879
What are the prime factors of 3091090?
2, 5, 309109
List the prime factors of 1520388.
2, 3, 157, 269
What are the prime factors of 31482748?
2, 11, 29, 2243
List the prime factors of 18651799.
239, 78041
List the prime factors of 272700.
2, 3, 5, 101
List the prime factors of 1787071.
11, 13, 12497
List the prime factors of 1547166.
2, 3, 257861
List the prime factors of 1856461.
83, 22367
List the prime factors of 21610506.
2, 3, 47, 197, 389
List the prime factors of 485573.
11, 4013
What are the prime factors of 415402?
2, 13, 1229
What are the prime factors of 22936?
2, 47, 61
List the prime factors of 391384.
2, 7, 29, 241
List the prime factors of 1786075.
5, 71443
List the prime factors of 2463155.
5, 492631
What are the prime factors of 22200954?
2, 3, 3700159
List the prime factors of 138154.
2, 67, 1031
What are the prime factors of 12508577?
1811, 6907
List the prime factors of 4193693.
7, 173, 3463
What are the prime factors of 663790?
2, 5, 41, 1619
What are the prime factors of 133120?
2, 5, 13
List the prime factors of 1178982.
2, 3, 7, 3119
What are the prime factors of 23326192?
2, 1457887
List the prime factors of 1133205.
3, 5, 31, 2437
List the prime factors of 8018292.
2, 3, 67, 9973
List the prime factors of 143250.
2, 3, 5, 191
List the prime factors of 267004.
2, 66751
List the prime factors of 156716.
2, 7, 29, 193
What are the prime factors of 1377689?
587, 2347
List the prime factors of 5309429.
607, 8747
What are the prime factors of 6790771?
13, 19, 1447
List the prime factors of 3598722.
2, 3, 66643
What are the prime factors of 83044?
2, 13, 1597
What are the prime factors of 4269167?
7, 19, 32099
List the prime factors of 421079.
421079
List the prime factors of 5947299.
3, 660811
What are the prime factors of 21773233?
337, 64609
List the prime factors of 117065.
5, 13, 1801
List the prime factors of 86156.
2, 7, 17, 181
List the prime factors of 192183.
3, 29, 47
What are the prime factors of 8378?
2, 59, 71
List the prime factors of 834717.
3, 13, 17, 1259
List the prime factors of 7733048.
2, 966631
What are the prime factors of 344158?
2, 172079
List the prime factors of 434419.
157, 2767
List the prime factors of 1229686.
2, 614843
What are the prime factors of 1275357?
3, 17, 1471
List the prime factors of 8879150.
2, 5, 7, 23, 1103
What are the prime factors of 26860491?
3, 7, 15791
What are the prime factors of 361080?
2, 3, 5, 17, 59
List the prime factors of 1511116.
2, 377779
List the prime factors of 191472.
2, 3, 3989
What are the prime factors of 524312?
2, 65539
What are the prime factors of 1136837?
13, 157, 557
List the prime factors of 3280558.
2, 17, 96487
List the prime factors of 8072860.
2, 5, 211, 1913
List the prime factors of 259610.
2, 5, 13, 1997
What are the prime factors of 1786805?
5, 191, 1871
What are the prime factors of 322283?
13, 1907
List the prime factors of 2509438.
2, 17, 23, 3209
What are the prime factors of 28952463?
3, 37, 97, 2689
What are the prime factors of 227824?
2, 29, 491
List the prime factors of 369326.
2, 47, 3929
List the prime factors of 537101.
199, 2699
What are the prime factors of 179641?
7, 11, 2333
List the prime factors of 219315.
3, 5, 14621
What are the prime factors of 5521?
5521
What are the prime factors of 11789?
11789
List the prime factors of 238140.
2, 3, 5, 7
What are the prime factors of 382723?
11, 3163
What are the prime factors of 2288374?
2, 11, 41, 43, 59
List the prime factors of 853926.
2, 3, 31, 4591
List the prime factors of 329794.
2, 269, 613
What are the prime factors of 142569?
3, 7, 31, 73
List the prime factors of 126773.
331, 383
What are the prime factors of 1202302?
2, 23, 59, 443
What are the prime factors of 214102?
2, 7, 41, 373
What are the prime factors of 2353795?
5, 409, 1151
List the prime factors of 1454052.
2, 3, 121171
List the prime factors of 2659338.
2, 3, 11, 37
What are the prime factors of 1159387?
619, 1873
What are the prime factors of 4534246?
2, 31, 73133
List the prime factors of 372806.
2, 7, 31, 859
List the prime factors of 4614077.
13, 71, 4999
What are the prime factors of 594189?
3, 59, 373
What are the prime factors of 119188?
2, 83, 359
List the prime factors of 298410.
2, 3, 5, 7, 29
List the prime factors of 5127009.
3, 41, 73, 571
What are the prime factors of 128363?
23, 5581
What are the prime factors of 3393238?
2, 503, 3373
List the prime factors of 2118422.
2, 701, 1511
What are the prime factors of 2267077?
127, 17851
What are the prime factors of 1594311?
3, 17, 43, 727
What are the prime factors of 205115?
5, 41023
List the prime factors of 4932510.
2, 3, 5, 11, 14947
List the prime factors of 2461894.
2, 859, 1433
What are the prime factors of 984759?
3, 17, 19309
What are the prime factors of 1487314?
2, 743657
List the prime factors of 8033616.
2, 3, 47, 1187
What are the prime factors of 1424794?
2, 7, 101771
List the prime factors of 10303696.
2, 13, 49537
List the prime factors of 215914.
2, 89, 1213
List the prime factors of 900890.
2, 5, 90089
List the prime factors of 756507.
3, 252169
What are the prime factors of 1879192?
2, 7, 23, 1459
What are the prime factors of 302989?
302989
What are the prime factors of 5099768?
2, 637471
What are the prime factors of 871919?
871919
List the prime factors of 154350.
2, 3, 5, 7
List the prime factors of 333946.
2, 166973
What are the prime factors of 237167?
7, 17, 1993
What are the prime factors of 6495558?
2, 3, 1082593
List the prime factors of 25338470.
2, 5, 31, 81737
List the prime factors of 4769265.
3, 5, 17, 59, 317
What are the prime factors of 249795?
3, 5, 7, 13, 61
What are the prime factors of 5404042?
2, 7, 139, 2777
What are the prime factors of 132335?
5, 7, 19, 199
What are the prime factors of 736432?
2, 46027
List the prime factors of 8071853.
521, 15493
What are the prime factors of 198752?
2, 6211
What are the prime factors of 3632525?
5, 13, 11177
List the prime factors of 6547461.
3, 53, 41179
List the prime factors of 255019.
255019
List the prime factors of 1305637.
1305637
What are the prime factors of 322738?
2, 13, 12413
List the prime factors of 480